What are the prime factors of s(4)?
3
List the prime factors of -19 + 17 + 0 + 7.
5
Suppose 33*c + 36 = 37*c. What are the prime factors of c?
3
Let a = 1 + 4. Suppose -3*d = 5*c - 32, d = 2*d - a*c - 4. What are the prime factors of d?
3
Let r = 282 - 171. List the prime factors of r.
3, 37
Let s = -40 + 79. What are the prime factors of s?
3, 13
Let i be (-20 + -1)*(-1)/3. Let f = i - 4. Suppose -2*q = z - 14, 2*z - f*q = -0*z. What are the prime factors of z?
2, 3
Let i(d) = -3*d + d - 11 + 2. Let h = 7 + -13. What are the prime factors of i(h)?
3
Let r = -38 - -66. What are the prime factors of r?
2, 7
Let x(j) = -2*j - 12. Let q(v) = v**2 - 5*v - 7. Let d be q(5). Let n = -17 - d. What are the prime factors of x(n)?
2
Let a = 17 + -13. Suppose 0 = -4*r - 3*z + 150, -a = -r + 4*z + 24. List the prime factors of r.
2, 3
Let y(g) be the third derivative of g**6/120 + g**5/12 + g**4/4 + 5*g**3/6 - 3*g**2. Let s be y(-4). What are the prime factors of (-7)/s + (-2)/(-3)?
3
What are the prime factors of (6256/(-3))/(-8) + 2/6?
3, 29
Suppose -4*j + 26 = -82. What are the prime factors of (-3)/(-6) - j/(-6)?
5
Let z(r) be the first derivative of r**2/2 - 4*r + 3. Let i be z(4). Let u = i + 9. What are the prime factors of u?
3
Let r(d) = 2*d**2 - d. Let h be r(-5). Let c = 92 - h. Suppose -4*y + c = 5*s, -3*s + 4*s + 2*y - 5 = 0. What are the prime factors of s?
3
Let v = 1 - 0. Let g = v - 1. Let o = g + 2. List the prime factors of o.
2
Let c(x) = 6*x**3 + 6*x**2 - 6*x. What are the prime factors of c(3)?
2, 3, 11
Let h = 124 - 6. What are the prime factors of h?
2, 59
Let x be -3*(50/(-3))/(-5). List the prime factors of x/(-6)*(6 - 0).
2, 5
Suppose 5*b = 2*x + 2, 3*b + 4 = x + 6. What are the prime factors of b?
2
Suppose -3*n = -n - 12. Suppose n*m = 4*m + 118. Suppose -4*d = -m - 9. List the prime factors of d.
17
Suppose c = 3*a + 3, 0 = -3*c + 2*a - 0*a - 5. Let t(w) = 5*w**2 + 2*w + 1. Let x be t(c). Let s = x + -29. List the prime factors of s.
11
Suppose -83 = d - 250. What are the prime factors of d?
167
Let p(f) = f**3 + 10*f**2 - 11*f + 2. Let g be p(-11). Suppose 0 = -4*b - g*b + 84. What are the prime factors of b?
2, 7
List the prime factors of (-1)/((-1)/(-11)*1*-1).
11
Let h(b) = b**3 - 12*b**2 + 32*b - 2. List the prime factors of h(10).
2, 59
Let o(f) = -16*f + 2. Let r = 20 - 22. List the prime factors of o(r).
2, 17
Let q(g) = 7*g - 26*g - 6 + 1 + 3. What are the prime factors of q(-2)?
2, 3
Let b(x) = -3*x - 50. What are the prime factors of b(-20)?
2, 5
Let f(p) = 29*p**3 - p**2 + p. Let b be f(1). Suppose 0 = -z + 1 + b. Suppose 5*o - z - 25 = 0. List the prime factors of o.
11
Let f(b) = -b**2 + 6*b. Let h be f(6). Let o(t) = -t**2 + 6*t - 4. Let i be o(4). Suppose h = 5*c - 20, -i*n + 72 = 2*c + 28. What are the prime factors of n?
3
List the prime factors of ((-12)/10)/(10/(-725)).
3, 29
Let r = -6 - -12. Suppose -g + r = 2*g. Suppose s = -2*y, 30 = 4*s - 0*y - g*y. List the prime factors of s.
2, 3
Let d(i) = i**2 - 4*i + 4. Suppose -4*o = u - 16, 2*u + o - 6 = 5. What are the prime factors of d(u)?
2
Suppose -4*n = 3*n - 700. What are the prime factors of n?
2, 5
Suppose -4*w - 12 = 0, 4*z = -w + 3 + 26. Suppose z = -0*g + 4*g. List the prime factors of g.
2
Let d(a) = a**3 - 3*a**2 - a - 4. Let s = 8 + -5. Let f be d(s). Let c = -5 - f. List the prime factors of c.
2
Let i(o) = 0*o - 3*o + 5*o + 1 + 0*o. What are the prime factors of i(3)?
7
Let b be 3/(1 + (-39)/30). Let p be 6/15 + 4/b. List the prime factors of 9 + (-1 - p)*-1.
2, 5
Let h(r) = -r**3 - 6*r**2 - 8*r - 7. Suppose -f - 2*f = -9. Suppose 0 = -f*u - 10 - 5. List the prime factors of h(u).
2
Let z = 266 - 146. What are the prime factors of z?
2, 3, 5
Suppose 2*g - 6*g = -828. List the prime factors of g.
3, 23
Let p be (-2)/(-5) + 99/15. Let y be 38/14 + 2/p. Suppose -7*m + y*m + 76 = 0. List the prime factors of m.
19
Suppose -n + 81 = 22. List the prime factors of n.
59
Let m(u) = u**3 + u**2 + 8. Let i = 1 - 1. What are the prime factors of m(i)?
2
Suppose 5*x - 38 - 12 = 0. What are the prime factors of x?
2, 5
Let f = 3 + 0. Suppose f*j = 41 + 16. List the prime factors of j.
19
Let u = -96 + 153. List the prime factors of u.
3, 19
Suppose 0 = -4*g - 3*j + 3, -j = 4*g - 3*j + 2. Suppose 6*d - 2*d = g. Suppose h - 3 - 1 = d. List the prime factors of h.
2
Suppose -2 + 0 = -2*x. Let i = 3 - x. Suppose i*p - 56 = -5*l - 0*p, -2*p + 8 = l. List the prime factors of l.
2, 3
Suppose -3*t - 5*y = 96 - 425, 4*t - 3*y - 429 = 0. List the prime factors of t.
2, 3
Suppose -p - 4*w + 4 = 0, 3*w = -p + 2*w - 2. Let g be ((-4)/3)/(p/(-24)). Let s(o) = -o**3 - 9*o**2 - 9*o - 5. List the prime factors of s(g).
3
Suppose -h - 2*a + 63 = -10, 4*h - 320 = -a. List the prime factors of h.
3
Let m(b) = 8*b**2 - 4*b - 1. What are the prime factors of m(-3)?
83
Let c(o) = -1 - 5 - 1 + 1 + o**2 + 9*o. Let r be c(-10). Let i = r - -6. What are the prime factors of i?
2, 5
Let l be 2 - 0 - 1 - -14. Let u = l - 11. Suppose 4 = 6*x - u*x. List the prime factors of x.
2
Let w(k) = -k**2 + 2*k + 2. Let u be w(3). Let f = 9 - u. What are the prime factors of f/1 + (-2)/(-2)?
11
Let x = 1082 - 765. What are the prime factors of x?
317
Let i be 4/10 + 56/10. Suppose 5*o - i = -1. Suppose -o = h - 3*l + l, -36 = -4*h - 2*l. What are the prime factors of h?
7
Let o(z) = 0*z**3 + 7 + 4*z**3 + 4*z**2 - 4*z - 3*z**3. Let j be o(-5). What are the prime factors of (j/5)/(3/60)?
2
Let g(j) = -j**2 - 6*j + 13. What are the prime factors of g(-6)?
13
Let g = 389 - 224. What are the prime factors of g?
3, 5, 11
Let b(u) = -u**3 + 2*u + 1. List the prime factors of b(-2).
5
List the prime factors of (-2 + 696/(-21))/((-5)/35).
2, 3, 41
What are the prime factors of (115635/20)/13 - 2/(-8)?
5, 89
Suppose -2*p - 7 - 7 = 0. Let b(i) = -i**2 - 7*i + 9. Let j be b(p). Suppose -4*d = c + d - j, -4*d + 18 = 2*c. What are the prime factors of c?
3
Let n(a) be the second derivative of a**5/20 + 7*a**4/12 - 5*a**3/3 - 7*a**2/2 - 2*a. Let i be ((-4)/1)/((-1)/(-2)). What are the prime factors of n(i)?
3
Let r be 2 - (15 + 1)/(-4). Let i(d) = -d**3 + 8*d**2 - 6*d - 3. What are the prime factors of i(r)?
3, 11
Let x = -35 - -20. Let w = 30 + x. What are the prime factors of w?
3, 5
Let z = 346 + -232. List the prime factors of z.
2, 3, 19
Suppose -18 = -4*j + 3*r + 25, 0 = 2*j + r - 9. Let u = 12 - j. What are the prime factors of u?
5
Let d = 40 - -23. List the prime factors of d.
3, 7
Suppose 3*q - 20 = -q. Suppose k + 60 = 4*g, 3*g - 15 = q*k + 47. Let n = g - 8. List the prime factors of n.
2, 3
Let u(l) be the second derivative of -l**4/24 + 3*l**3/2 - l**2 + l. Let j(t) be the first derivative of u(t). What are the prime factors of j(7)?
2
Let v(b) = -b**3 - 3*b**2 - b + 1. Suppose -2*i + 3 = -3*i. List the prime factors of v(i).
2
Let a = 6 + -10. What are the prime factors of (-1)/(-2)*-3*a?
2, 3
Suppose 6*s - s + 10 = 0. Let w(d) = -3*d**3 - 1. What are the prime factors of w(s)?
23
Let u = -7 + 9. Let m(z) = 9*z - 1. List the prime factors of m(u).
17
Let f = -6 + 9. Suppose 25 = f*c + 2*c. Suppose -j = w - c*w + 53, 50 = 4*w - 2*j. What are the prime factors of w?
2, 7
Let x be 10 + (-3)/(6/8). Let w be 0/((-2)/2) - 0. Suppose w*j + x = 2*j. What are the prime factors of j?
3
Let h(v) = v**2 + v + 4. Suppose 0 = 4*w + 2*t - 20, 5*t + 1 = 21. List the prime factors of h(w).
2
Suppose -10*d + 2035 - 785 = 0. What are the prime factors of d?
5
Let b(w) = -w + 13. Let p be ((-4)/(-5))/((-4)/(-40)). List the prime factors of b(p).
5
Let s(d) = d**2 - 7*d + 6. Let u be s(4). Let t be (-4)/u - (-2)/6. What are the prime factors of 18/4*(3 - t)?
3
Let t be (2/(-2))/(2/8). List the prime factors of (-4)/(-6)*(-30)/t.
5
Suppose 0*a + 5*k + 3 = -2*a, 2*k = -4*a + 18. Suppose 4*g = -0*g - 5*d + 18, -4*g + 2*d + 4 = 0. Suppose 0 = -g*j + 2 + a. List the prime factors of j.
2
Let k(z) = -3*z + 1. Let n be k(-9). Let f(x) = x**3 - 7*x**2 + 6*x + 4. Let s be f(6). Suppose 0*i - n = -s*i. List the prime factors of i.
7
Suppose -3*t - 2*t + 30 = 0. Suppose 0 = 4*a + 18 - t, -a = -f + 5. Suppose f*g - 6*g = -16. List the prime factors of g.
2
Let s(b) = b**3 + b**2 + 3. Let a be s(0). Suppose 5*g - a*i = -7*